3*k**2 + 9*k + 7. Let f(o) = o**2 + o + 1. Let s(h) = -2*f(h) + u(h). Calculate s(z).
-5
Let j(r) = -16*r + 3. Let c(t) = -5*t + 1. Let x(y) = -7*c(y) + 2*j(y). Let l(o) = o**3 + 13*o**2 + 21*o - 10. Let d be l(-11). Calculate x(d).
2
Let p(i) = i**3 + 5*i**2 - 3*i - 4. Let q be (-6 + 0)*-10*5/(-100). What is p(q)?
23
Let j(h) = -h**3 - 5*h - 54 + 2*h**3 + 15 + 16 + 17 - 4*h**2. What is j(6)?
36
Let i(t) = t**3 + 14*t**2 + 19*t + 79. Let b be i(-13). Let x(q) = 6*q + 1. Determine x(b).
7
Let t(x) = -62836*x + 0 + 1 + 62834*x. Give t(-1).
3
Let d(c) = -c + 4*c - 3 - 7*c + c. Give d(-3).
6
Let a(h) = -47*h + h**2 + 52*h - 3 + 0*h**2. What is a(-7)?
11
Suppose 19 = 49*a + 313. Let s(g) = -9 - 2*g + 0 + g. Give s(a).
-3
Suppose -4*x + 16 = -2*a, 0 = 3*x + 72 - 63. Let d(z) = -z - 25. Give d(a).
-11
Let z = 546 + -550. Let u(k) = -3*k + 3. Determine u(z).
15
Let s(n) = 8*n - 69. Let y(o) = -138*o + 1104. Let a(h) = -33*s(h) - 2*y(h). Calculate a(-6).
-3
Suppose -89 + 44 = -5*r. Let x(i) = i**3 - 10*i**2 + 7*i + 2. Give x(r).
-16
Let c(t) = -2*t. Let w(i) = 3*i. Let x(y) = 5*c(y) + 3*w(y). Suppose 4*a - 7 = -5*s, -4*s = -47*a + 48*a - 10. Give x(s).
-3
Let w = -170 - -164. Let s(y) = -y + 1. Let z(u) = u - 3. Let j(x) = -1. Let h(d) = 5*j(d) - 3*z(d). Let r(b) = w*s(b) + h(b). What is r(2)?
4
Let k = 27 + -23. Suppose 0 = k*a - 16, 4*q = -4*a - 4 - 4. Let w(h) = h**3 + 7*h**2 + 8*h + 8. What is w(q)?
-4
Suppose 0 = -3*z + 15 - 24. Let d(s) = -4*s - 6*s**2 + 2 + 3*s**2 + 1. Let f(q) = 13*q**2 + 16*q - 13. Let r(l) = -9*d(l) - 2*f(l). Calculate r(z).
-4
Let g(v) be the first derivative of 5 + 0*v + v**2 - v + 1. Calculate g(2).
3
Let f(w) be the second derivative of w**5/20 + 3*w**4/4 + 11*w**3/6 + 11*w**2 + 3*w - 14. Determine f(-8).
-2
Let m(a) = -a**2 - 6*a + 9. Let z(f) = 2*f**2 + 25*f - 205. Let w be z(-18). Give m(w).
2
Suppose 17*c - 5 = 5*p + 21*c, -11 = -2*p + c. Let t(y) = -y**2 + 6*y + 2. Let b(a) = -3*a**2 + 17*a + 6. Let o(d) = 4*b(d) - 11*t(d). What is o(p)?
-1
Let s(j) = 92*j + 5. Let r(c) = -109*c - 4. Let w(d) = 5*r(d) + 6*s(d). Calculate w(5).
45
Suppose -4*f + 5*w = -0*w - 15, 2*w = -3*f - 6. Suppose f*j = 4*j. Let c(z) = -8 - z + j + 0. What is c(-6)?
-2
Suppose 8*u - 25 = 3*u. Let h(m) = -9 + 3 + m**2 - u*m - 1. Let p = 12 + -6. Calculate h(p).
-1
Suppose 5 = -3*i - 2*c + 20, 0 = -4*i + 2*c + 20. Let t(f) = -f**2 - 2 + f**2 - f**2 + i*f. Let r be 24/(-4) + 20/2. Give t(r).
2
Let r(p) = -3*p**2 - 5*p**2 - 2*p**2 + 1. Let j(z) = -z**3 - 9*z**2 + z + 10. Let x be j(-9). Let y be x/(4*(-2)/(-8)). Give r(y).
-9
Let r(u) be the first derivative of -5*u**4 - u**3/3 + u**2/2 + u + 409. Give r(-1).
19
Let l(z) = z**2 - 3*z + 7. Let q = -892 + 895. Give l(q).
7
Let c be (2/(-16))/(16/((-256)/6)). Let p(b) be the third derivative of 0*b - 1/120*b**6 + 7*b**2 - 1/24*b**4 + 0 + 1/20*b**5 - c*b**3. What is p(3)?
-5
Let p(f) = -f**2 + 15*f - 10. Let c be p(7). Suppose 8*z + c = -18. Let q(k) = k**3 + 9*k**2 + 11*k + 11. Calculate q(z).
-13
Let m(c) = -3*c - 6. Let i be 9 + 4 + -3 + -4. Let a be m(i). Let u = a + 22. Let n(l) = 3*l**2 + 4*l + 3. Determine n(u).
7
Let c(v) = -v**2 + 1553 - 1552 - v**2 + 13*v**3. Calculate c(-1).
-14
Let a(r) = -r - 3. Let c be a(-5). Let j(w) = -w**2 + 7*w - 3. Let h be j(6). Let t(z) = -2 + 4*z - 3*z**2 - 3 + h. Give t(c).
-6
Let g(x) = 121*x - 64*x - 2 - 56*x. Let a(l) = -11*l**3 + l. Let t be a(1). Let v = t + 6. Determine g(v).
-6
Let y(k) = -15*k. Suppose z - v - 10 = 0, z + v = 3*z - 17. Let x be 0 + -1 + (z - 5). Determine y(x).
-15
Suppose -3*n = -k - 10, 2*n + 15 = 2*k + 3*n. Let i(l) = -3*l + 3. Let h(g) = 5*g - 5. Let v(a) = -4*h(a) - 7*i(a). Calculate v(k).
4
Let j(a) = a**3 - 4*a**2 - 12*a - 1. Suppose 99 - 81 = 3*i. Give j(i).
-1
Let g = -161 - -203. Suppose -2*j = 62 + 12. Let d = g + j. Let k(a) = -2*a + 3. Determine k(d).
-7
Let k(g) = g**3 - 2*g**2 - 2*g. Let b(a) = -a**3 - 3*a**2 + 6*a + 6. Let z be -1 + (-12)/(2 + 2). Let d be b(z). Calculate k(d).
-12
Suppose 11 = -4*m - 9. Let w = m + 11. Let t(l) = -151 - l + 163 - l + l. Determine t(w).
6
Let q = -245 - -252. Let d(j) = -j**2 + 10*j - 8. Determine d(q).
13
Let w(y) = 2*y - 4. Let l be w(3). Suppose -2*q = -q - l. Let r(t) = 4*t**3 + 4*t - 5*t - 1 - t**3 - 2*t**3 + 2*t**q. Determine r(-2).
1
Let r(v) = 9*v**2 + 11*v + 8. Let i(o) = o**3 + o - 1. Let u(f) = i(f) - r(f). Calculate u(10).
-9
Let v(b) be the third derivative of b**4/24 - b**3/2 + 4*b**2. Let z be v(5). Let l(h) = h**2 - 3*h**3 - 5*h**2 + 7 + 2*h - z + 2*h**3. What is l(-4)?
-3
Let d(h) = 1 + 54*h**2 + h + 53*h**2 - 87*h**2. Let n be 6/(-10) - 4/10. Determine d(n).
20
Let r(s) = -9*s**2 - 4*s + 3. Let w be r(1). Let t(o) = o + 12. Determine t(w).
2
Let p = 36 + -34. Let r(z) = 0 + 1 + 2*z + p - z. Determine r(4).
7
Let o(w) = -5*w**2 - 7*w - 11. Let b(g) = 6*g**2 + 8*g + 11. Let f = 19 + -13. Let t(q) = f*b(q) + 7*o(q). What is t(0)?
-11
Let g(o) = -2*o**3 + o**2 + 3*o - 2. Suppose 3*j = 3*l - 75, -2*l = -0*j - 3*j - 53. Suppose -4*h + l - 6 = 0. Let v = h + -2. Give g(v).
-8
Suppose -145 = -6*w + w. Let d = 30 - w. Let n(p) = -3 - 2 + 4 - 6*p. Calculate n(d).
-7
Let b = 16 + -2. Let p = 17 - b. Let w(q) = q**3 - 4*q**2 + 2*q - 2. What is w(p)?
-5
Let o(h) = -h**3 - 5*h**2 + 6*h - 2. Suppose 3*r - 15 = v, -4*r = -r + 4*v. Suppose -34 = r*b + 2*j, 0 = -3*b - 5*j + 2*j - 33. Calculate o(b).
-2
Let g(i) be the second derivative of -i**4/12 + 7*i**3/6 + 11*i**2/2 + 3*i + 6. Give g(9).
-7
Suppose -5 - 27 = 16*w. Let i(p) = -2*p**2 + p - 3. Give i(w).
-13
Let w(h) be the second derivative of -5*h**3/6 + 71*h**2/2 - 631*h. What is w(14)?
1
Suppose 7*s + 56 - 7 = 0. Let j(h) = 6 + 31*h**2 - h**3 + 29*h**2 - 6*h - 68*h**2. Give j(s).
-1
Let m(x) be the second derivative of 2 - 1/6*x**3 + 15*x + 1/20*x**5 - 1/12*x**4 + 6*x**2. Determine m(0).
12
Let a(h) = -h - 6. Let j(y) = -2*y**2 + 24*y + 45. Let b be j(14). Give a(b).
5
Let d(m) = 4 - m - 2 - 2 + 4. Give d(5).
-1
Suppose -5298*i + 5291*i + 42 = 0. Let r(t) be the second derivative of t**4/12 - 7*t**3/6 + 3*t**2 + t. Determine r(i).
0
Let c(j) = 19*j + 4. Let r(i) = 86*i + 17. Let t(d) = -9*c(d) + 2*r(d). Give t(-8).
-10
Let q(m) = 53*m - 311. Let d be q(6). Let i(l) = -l**2 + 9*l + 2. Calculate i(d).
16
Let b = 612 + -619. Let s(v) = v**3 + 7*v**2 + 2*v + 10. Determine s(b).
-4
Suppose 5*l = 2*g - 49, 0 = -5*g + 5*l - 0*l + 85. Suppose -2*m = m - g. Suppose 0*y + 16 = -m*y. Let d(z) = -z**3 - 4*z**2 - 3. Calculate d(y).
-3
Let b(n) be the third derivative of -n**5/60 - 7*n**4/24 - 2*n**3 + 62*n**2. What is b(-8)?
-20
Let u(t) = 2*t**2 + t - 1. Let w be u(3). Let x = w - 2. Let m(l) = -x + l + 18. What is m(0)?
0
Suppose -3*b - 4 + 13 = 0. Let s = -2 - b. Let m(u) = u**3 + 6*u**2 + 6*u - 4. Give m(s).
-9
Let q(p) be the second derivative of -p**4/12 - 4*p**3/3 - 5*p**2/2 - 131*p. Give q(-8).
-5
Let i(q) = -2*q**2 + q + 4. Let o be (13 + -14)/((-2)/10). Suppose 4*v - 15 = -s, o*v + 0*s - 2*s = 9. Determine i(v).
-11
Suppose q + 6*d - 2*d = 13, 0 = d - 2. Suppose -4*t + 20 = 4*i, 4*i + 5 - 16 = q*t. Let f(n) = -4 + i + n**2 + 0*n - n. Give f(0).
0
Let o(k) = 2*k + 16. Let t be o(-5). Let y(w) be the second derivative of w**4/12 - 2*w**3/3 - 5*w**2/2 + w. Calculate y(t).
7
Let v be -1*(1 + -2 + 1)/1. Suppose -2*b + 7*b + l = 0, b + l = v. Let t(k) = -k**2 - k + 3. Determine t(b).
3
Let p(u) be the third derivative of -u**5/60 - u**4/4 - 2*u**3/3 - 15*u**2 - 4*u. Give p(-6).
-4
Let v(i) be the third derivative of -20*i**2 - 1/24*i**4 + 0*i**5 - 1/120*i**6 + 0*i + 0 + 0*i**3. Determine v(0).
0
Let l(k) = 41*k**2 + k - 34. Let i(y) = 19*y**2 + y - 16. Let q(u) = 13*i(u) - 6*l(u). What is q(-5)?
-14
Let n(s) = s**3 + 7*s**2 + 3*s - 7. Suppose 0 = -5*k - 44 + 19. What is n(k)?
28
Suppose -2*y - 21 = y. Suppose -47 + 13 = -3*f - r, -3*f + 42 = 3*r. Let l(o) = 2*o - 3 - 2*o + f + o. Give l(y).
0
Let t(z) = -16*z + 3. Suppose 38 = -4*n + 2*w, 3*n = -0*n + w - 27. Let r(a) = 5*a + 5*a + 2*a + 12*a - 5. Let y(f) = n*t(f) - 5*r(f). What is y(-1)?
-7
Suppose -5*b - 58 = -2*g - 20, 2*g - 4*b = 34. Let t(v) = 4*v - 44. What is t(g)?
-8
Let f(s) = -2*s**3 + 4*s**2 + 3*s - 3. Let t be f(3). Let r(d) = -d**3 - 13*d**2 - 10*d + 14. Give r(t).
-10
Let p